[INFO] cloning repository https://github.com/k0nserv/apex-stats
[INFO] running `Command { std: "git" "-c" "credential.helper=" "-c" "credential.helper=/workspace/cargo-home/bin/git-credential-null" "clone" "--bare" "https://github.com/k0nserv/apex-stats" "/workspace/cache/git-repos/https%3A%2F%2Fgithub.com%2Fk0nserv%2Fapex-stats", kill_on_drop: false }`
[INFO] [stderr] Cloning into bare repository '/workspace/cache/git-repos/https%3A%2F%2Fgithub.com%2Fk0nserv%2Fapex-stats'...
[INFO] running `Command { std: "git" "rev-parse" "HEAD", kill_on_drop: false }`
[INFO] [stdout] 04e90e0099811011230a400f25fb46b9682c1788
[INFO] checking k0nserv/apex-stats against try#72f88fc4e9458f89516a0b8b0868f3718aec5b47 for pr-74989
[INFO] running `Command { std: "git" "clone" "/workspace/cache/git-repos/https%3A%2F%2Fgithub.com%2Fk0nserv%2Fapex-stats" "/workspace/builds/worker-2/source", kill_on_drop: false }`
[INFO] [stderr] Cloning into '/workspace/builds/worker-2/source'...
[INFO] [stderr] done.
[INFO] validating manifest of git repo https://github.com/k0nserv/apex-stats on toolchain 72f88fc4e9458f89516a0b8b0868f3718aec5b47
[INFO] running `Command { std: "/workspace/cargo-home/bin/cargo" "+72f88fc4e9458f89516a0b8b0868f3718aec5b47" "read-manifest" "--manifest-path" "Cargo.toml", kill_on_drop: false }`
[INFO] started tweaking git repo https://github.com/k0nserv/apex-stats
[INFO] finished tweaking git repo https://github.com/k0nserv/apex-stats
[INFO] tweaked toml for git repo https://github.com/k0nserv/apex-stats written to /workspace/builds/worker-2/source/Cargo.toml
[INFO] crate git repo https://github.com/k0nserv/apex-stats already has a lockfile, it will not be regenerated
[INFO] running `Command { std: "/workspace/cargo-home/bin/cargo" "+72f88fc4e9458f89516a0b8b0868f3718aec5b47" "fetch" "--locked" "--manifest-path" "Cargo.toml", kill_on_drop: false }`
[INFO] running `Command { std: "docker" "create" "-v" "/var/lib/crater-agent-workspace/builds/worker-2/target:/opt/rustwide/target:rw,Z" "-v" "/var/lib/crater-agent-workspace/builds/worker-2/source:/opt/rustwide/workdir:ro,Z" "-v" "/var/lib/crater-agent-workspace/cargo-home:/opt/rustwide/cargo-home:ro,Z" "-v" "/var/lib/crater-agent-workspace/rustup-home:/opt/rustwide/rustup-home:ro,Z" "-e" "SOURCE_DIR=/opt/rustwide/workdir" "-e" "CARGO_TARGET_DIR=/opt/rustwide/target" "-e" "CARGO_HOME=/opt/rustwide/cargo-home" "-e" "RUSTUP_HOME=/opt/rustwide/rustup-home" "-w" "/opt/rustwide/workdir" "-m" "1610612736" "--user" "0:0" "--network" "none" "rustops/crates-build-env@sha256:d92eaeed33fa75130ca1ee6c8a01d1ffb62bac859dfdfb3450e3e5d1c0146529" "/opt/rustwide/cargo-home/bin/cargo" "+72f88fc4e9458f89516a0b8b0868f3718aec5b47" "metadata" "--no-deps" "--format-version=1", kill_on_drop: false }`
[INFO] [stderr] WARNING: Your kernel does not support swap limit capabilities or the cgroup is not mounted. Memory limited without swap.
[INFO] [stdout] 147bf5cadb76cc36923cbf558f9b243fefeee4a9249c94d04d67d0502b805ce0
[INFO] running `Command { std: "docker" "start" "-a" "147bf5cadb76cc36923cbf558f9b243fefeee4a9249c94d04d67d0502b805ce0", kill_on_drop: false }`
[INFO] running `Command { std: "docker" "inspect" "147bf5cadb76cc36923cbf558f9b243fefeee4a9249c94d04d67d0502b805ce0", kill_on_drop: false }`
[INFO] running `Command { std: "docker" "rm" "-f" "147bf5cadb76cc36923cbf558f9b243fefeee4a9249c94d04d67d0502b805ce0", kill_on_drop: false }`
[INFO] [stdout] 147bf5cadb76cc36923cbf558f9b243fefeee4a9249c94d04d67d0502b805ce0
[INFO] running `Command { std: "docker" "create" "-v" "/var/lib/crater-agent-workspace/builds/worker-2/target:/opt/rustwide/target:rw,Z" "-v" "/var/lib/crater-agent-workspace/builds/worker-2/source:/opt/rustwide/workdir:ro,Z" "-v" "/var/lib/crater-agent-workspace/cargo-home:/opt/rustwide/cargo-home:ro,Z" "-v" "/var/lib/crater-agent-workspace/rustup-home:/opt/rustwide/rustup-home:ro,Z" "-e" "SOURCE_DIR=/opt/rustwide/workdir" "-e" "CARGO_TARGET_DIR=/opt/rustwide/target" "-e" "CARGO_INCREMENTAL=0" "-e" "RUST_BACKTRACE=full" "-e" "RUSTFLAGS=--cap-lints=forbid" "-e" "CARGO_HOME=/opt/rustwide/cargo-home" "-e" "RUSTUP_HOME=/opt/rustwide/rustup-home" "-w" "/opt/rustwide/workdir" "-m" "1610612736" "--user" "0:0" "--network" "none" "rustops/crates-build-env@sha256:d92eaeed33fa75130ca1ee6c8a01d1ffb62bac859dfdfb3450e3e5d1c0146529" "/opt/rustwide/cargo-home/bin/cargo" "+72f88fc4e9458f89516a0b8b0868f3718aec5b47" "check" "--frozen" "--all" "--all-targets" "--message-format=json", kill_on_drop: false }`
[INFO] [stdout] 6083b9f566ee5cb4b669816475d98e976a998a9a325729c44cc3b8dac4d8a6ad
[INFO] [stderr] WARNING: Your kernel does not support swap limit capabilities or the cgroup is not mounted. Memory limited without swap.
[INFO] running `Command { std: "docker" "start" "-a" "6083b9f566ee5cb4b669816475d98e976a998a9a325729c44cc3b8dac4d8a6ad", kill_on_drop: false }`
[INFO] [stderr]    Compiling proc-macro2 v0.4.27
[INFO] [stderr]    Compiling unicode-xid v0.1.0
[INFO] [stderr]    Compiling num-traits v0.2.6
[INFO] [stderr]    Compiling memchr v2.2.0
[INFO] [stderr]    Compiling serde v1.0.89
[INFO] [stderr]     Checking time v0.1.42
[INFO] [stderr]     Checking directories v1.0.2
[INFO] [stderr]     Checking clap v2.32.0
[INFO] [stderr]     Checking csv-core v0.1.5
[INFO] [stderr]    Compiling quote v0.6.11
[INFO] [stderr]     Checking num-integer v0.1.39
[INFO] [stderr]    Compiling syn v0.15.29
[INFO] [stderr]    Compiling serde_derive v1.0.89
[INFO] [stderr]     Checking csv v1.0.5
[INFO] [stderr]     Checking chrono v0.4.6
[INFO] [stderr]     Checking apex-stats v0.0.1 (/opt/rustwide/workdir)
[INFO] [stdout] warning: trait objects without an explicit `dyn` are deprecated
[INFO] [stdout]   --> src/config.rs:22:29
[INFO] [stdout]    |
[INFO] [stdout] 22 |     fn new(directories: Box<Directories>) -> Self {
[INFO] [stdout]    |                             ^^^^^^^^^^^ help: use `dyn`: `dyn Directories`
[INFO] [stdout]    |
[INFO] [stdout]    = note: `#[warn(bare_trait_objects)]` on by default
[INFO] [stdout] 
[INFO] [stdout] 
[INFO] [stdout] warning: trait objects without an explicit `dyn` are deprecated
[INFO] [stdout]   --> src/backend/mod.rs:14:44
[INFO] [stdout]    |
[INFO] [stdout] 14 | pub type Result<T> = result::Result<T, Box<Error>>;
[INFO] [stdout]    |                                            ^^^^^ help: use `dyn`: `dyn Error`
[INFO] [stdout] 
[INFO] [stdout] 
[INFO] [stdout] warning: trait objects without an explicit `dyn` are deprecated
[INFO] [stdout]   --> src/backend/mod.rs:20:64
[INFO] [stdout]    |
[INFO] [stdout] 20 | pub fn make_backend(kind: Type, config: &Config) -> Result<Box<Backend>> {
[INFO] [stdout]    |                                                                ^^^^^^^ help: use `dyn`: `dyn Backend`
[INFO] [stdout] 
[INFO] [stdout] 
[INFO] [stdout] warning: trait objects without an explicit `dyn` are deprecated
[INFO] [stdout]   --> src/interface/console.rs:16:14
[INFO] [stdout]    |
[INFO] [stdout] 16 |     now: &'a Fn() -> DateTime<Local>,
[INFO] [stdout]    |              ^^^^^^^^^^^^^^^^^^^^^^^ help: use `dyn`: `dyn Fn() -> DateTime<Local>`
[INFO] [stdout] 
[INFO] [stdout] 
[INFO] [stdout] warning: unused import: `std::cell::RefCell`
[INFO] [stdout]   --> src/interface/console.rs:73:9
[INFO] [stdout]    |
[INFO] [stdout] 73 |     use std::cell::RefCell;
[INFO] [stdout]    |         ^^^^^^^^^^^^^^^^^^
[INFO] [stdout]    |
[INFO] [stdout]    = note: `#[warn(unused_imports)]` on by default
[INFO] [stdout] 
[INFO] [stdout] 
[INFO] [stdout] warning: unused import: `std::io::prelude::*`
[INFO] [stdout]   --> src/interface/console.rs:74:9
[INFO] [stdout]    |
[INFO] [stdout] 74 |     use std::io::prelude::*;
[INFO] [stdout]    |         ^^^^^^^^^^^^^^^^^^^
[INFO] [stdout] 
[INFO] [stdout] 
[INFO] [stdout] warning: unused import: `std::rc::Rc`
[INFO] [stdout]   --> src/interface/console.rs:75:9
[INFO] [stdout]    |
[INFO] [stdout] 75 |     use std::rc::Rc;
[INFO] [stdout]    |         ^^^^^^^^^^^
[INFO] [stdout] 
[INFO] [stdout] 
[INFO] [stdout] warning: unused import: `WriteStorage`
[INFO] [stdout]   --> src/interface/console.rs:78:50
[INFO] [stdout]    |
[INFO] [stdout] 78 |     use super::test_support::{make_test_console, WriteStorage};
[INFO] [stdout]    |                                                  ^^^^^^^^^^^^
[INFO] [stdout] 
[INFO] [stdout] 
[INFO] [stdout] warning: unused import: `Console`
[INFO] [stdout]   --> src/interface/console.rs:79:17
[INFO] [stdout]    |
[INFO] [stdout] 79 |     use super::{Console, Interface, Legend, Observation, SquadType};
[INFO] [stdout]    |                 ^^^^^^^
[INFO] [stdout] 
[INFO] [stdout] 
[INFO] [stdout] warning: trait objects without an explicit `dyn` are deprecated
[INFO] [stdout]   --> src/config.rs:22:29
[INFO] [stdout]    |
[INFO] [stdout] 22 |     fn new(directories: Box<Directories>) -> Self {
[INFO] [stdout]    |                             ^^^^^^^^^^^ help: use `dyn`: `dyn Directories`
[INFO] [stdout]    |
[INFO] [stdout]    = note: `#[warn(bare_trait_objects)]` on by default
[INFO] [stdout] 
[INFO] [stdout] 
[INFO] [stdout] warning: trait objects without an explicit `dyn` are deprecated
[INFO] [stdout]   --> src/backend/mod.rs:14:44
[INFO] [stdout]    |
[INFO] [stdout] 14 | pub type Result<T> = result::Result<T, Box<Error>>;
[INFO] [stdout]    |                                            ^^^^^ help: use `dyn`: `dyn Error`
[INFO] [stdout] 
[INFO] [stdout] 
[INFO] [stdout] warning: trait objects without an explicit `dyn` are deprecated
[INFO] [stdout]   --> src/backend/mod.rs:20:64
[INFO] [stdout]    |
[INFO] [stdout] 20 | pub fn make_backend(kind: Type, config: &Config) -> Result<Box<Backend>> {
[INFO] [stdout]    |                                                                ^^^^^^^ help: use `dyn`: `dyn Backend`
[INFO] [stdout] 
[INFO] [stdout] 
[INFO] [stdout] warning: trait objects without an explicit `dyn` are deprecated
[INFO] [stdout]   --> src/interface/console.rs:16:14
[INFO] [stdout]    |
[INFO] [stdout] 16 |     now: &'a Fn() -> DateTime<Local>,
[INFO] [stdout]    |              ^^^^^^^^^^^^^^^^^^^^^^^ help: use `dyn`: `dyn Fn() -> DateTime<Local>`
[INFO] [stdout] 
[INFO] [stdout] 
[INFO] [stdout] warning: 4 warnings emitted
[INFO] [stdout] 
[INFO] [stdout] 
[INFO] [stdout] error[E0308]: mismatched types
[INFO] [stdout]    --> src/interface/console.rs:123:17
[INFO] [stdout]     |
[INFO] [stdout] 123 |             at: SystemTime::UNIX_EPOCH,
[INFO] [stdout]     |                 ^^^^^^^^^^^^^^^^^^^^^^ expected struct `DateTime`, found struct `SystemTime`
[INFO] [stdout]     |
[INFO] [stdout]     = note: expected struct `DateTime<Local>`
[INFO] [stdout]                found struct `SystemTime`
[INFO] [stdout] 
[INFO] [stdout] 
[INFO] [stdout] error[E0308]: mismatched types
[INFO] [stdout]    --> src/interface/console.rs:162:17
[INFO] [stdout]     |
[INFO] [stdout] 162 |             at: SystemTime::UNIX_EPOCH,
[INFO] [stdout]     |                 ^^^^^^^^^^^^^^^^^^^^^^ expected struct `DateTime`, found struct `SystemTime`
[INFO] [stdout]     |
[INFO] [stdout]     = note: expected struct `DateTime<Local>`
[INFO] [stdout]                found struct `SystemTime`
[INFO] [stdout] 
[INFO] [stdout] 
[INFO] [stdout] error[E0271]: type mismatch resolving `<F as FnOnce<()>>::Output == DateTime<Local>`
[INFO] [stdout]    --> src/interface/console.rs:245:13
[INFO] [stdout]     |
[INFO] [stdout] 20  |     pub fn new<F>(reader: Box<dyn LineReader>, write: Box<dyn Write>, now: &'a F) -> Self
[INFO] [stdout]     |            --- required by a bound in this
[INFO] [stdout] 21  |     where
[INFO] [stdout] 22  |         F: Fn() -> DateTime<Local>,
[INFO] [stdout]     |                    --------------- required by this bound in `Console::<'a>::new`
[INFO] [stdout] ...
[INFO] [stdout] 245 |             Console::new(Box::new(mock_reader), Box::new(mock_writer), now),
[INFO] [stdout]     |             ^^^^^^^^^^^^ expected struct `DateTime`, found struct `SystemTime`
[INFO] [stdout]     |
[INFO] [stdout]     = note: expected struct `DateTime<Local>`
[INFO] [stdout]                found struct `SystemTime`
[INFO] [stdout] 
[INFO] [stdout] 
[INFO] [stdout] error: aborting due to 3 previous errors; 9 warnings emitted
[INFO] [stdout] 
[INFO] [stdout] 
[INFO] [stdout] Some errors have detailed explanations: E0271, E0308.
[INFO] [stdout] 
[INFO] [stdout] For more information about an error, try `rustc --explain E0271`.
[INFO] [stdout] 
[INFO] [stderr] error: could not compile `apex-stats`.
[INFO] [stderr] 
[INFO] [stderr] To learn more, run the command again with --verbose.
[INFO] [stderr] warning: build failed, waiting for other jobs to finish...
[INFO] [stderr] error: build failed
[INFO] running `Command { std: "docker" "inspect" "6083b9f566ee5cb4b669816475d98e976a998a9a325729c44cc3b8dac4d8a6ad", kill_on_drop: false }`
[INFO] running `Command { std: "docker" "rm" "-f" "6083b9f566ee5cb4b669816475d98e976a998a9a325729c44cc3b8dac4d8a6ad", kill_on_drop: false }`
[INFO] [stdout] 6083b9f566ee5cb4b669816475d98e976a998a9a325729c44cc3b8dac4d8a6ad
